/(-4))/(s/(-4))?
11
Let n(l) = l**2 + 6*l - 5. List the prime factors of n(4).
5, 7
Let x(m) = -m**3 - 6*m**2 + m + 8. Let k = -9 - -3. What are the prime factors of x(k)?
2
Let s(l) be the third derivative of 5*l**4/24 - l**3/2 + l**2. Let j be s(3). Suppose 3*q - j - 15 = 0. List the prime factors of q.
3
Let j be 6 + (3 + 0 - 2). Let c = j + 0. Suppose d + 0 = c. List the prime factors of d.
7
Let b(n) = n**3 - 8*n**2 - 10*n + 9. Let c be b(9). Suppose c = 3*d - m - 63, 0 = 4*d - m + 3*m - 94. What are the prime factors of d?
2, 11
Suppose 3*q = -3*q + 522. What are the prime factors of q?
3, 29
Suppose 156 = m + q + 3*q, 20 = 5*q. Suppose -24 = -4*w + m. What are the prime factors of w?
41
What are the prime factors of (-6 - -5) + (0 - -3)?
2
Suppose -2*d = -4*d + 98. What are the prime factors of d?
7
Let x be -1 + (3 - -3)*1. Let m = x - 4. What are the prime factors of 9 - -1*(m - 4)?
2, 3
Let u = 0 + -3. List the prime factors of 6/4 + u/(-6).
2
Suppose 5*w = 3*k - 10, -3*w + 4*w + k - 6 = 0. Let u be (4 + w)*(-24)/(-15). What are the prime factors of u/(-20) + 34/10?
3
Suppose 7 = -7*o + 56. What are the prime factors of o?
7
Suppose -11*j = -4*j - 1729. List the prime factors of j.
13, 19
Let q = 19 + 13. What are the prime factors of q?
2
Let x(b) = b**3 - 4*b**2 + b + 1. Let f be x(3). Let y = 6 - f. List the prime factors of y.
11
What are the prime factors of (12 - -3) + 3 - 2?
2
Let o(x) = x**3 - 6*x**2 - x - 9. Suppose 28 = 6*f - 2*f. What are the prime factors of o(f)?
3, 11
Suppose -5*o + 28 = 2*u - 28, 3*o - 29 = -u. List the prime factors of u.
23
Let q be -2 + -1 - (-27 + -5). Suppose 0*h = -h + q. What are the prime factors of h?
29
Suppose -2 = -4*r + 6. Suppose 2*v = r + 18. What are the prime factors of v?
2, 5
Let k be 17/85 + 28/10. Suppose 52 = w - 2*z, 8*w + 2*z - 284 = k*w. What are the prime factors of w?
2, 7
What are the prime factors of 17/(-3)*6/(-2)?
17
Suppose -r - 6 = -3*r. Suppose -r*j + 2*j = -4*x + 123, -5*x + 3*j + 145 = 0. List the prime factors of x.
2
Let v = -15 + 9. Let w = -52 - v. List the prime factors of (-8)/(-20) - w/10.
5
Suppose 4*n - 5*f - 18 = 0, -5*f = 2*n + 4 + 2. Suppose -4*r + 30 = -n. What are the prime factors of r?
2
List the prime factors of (-20)/(-12)*3 + -3.
2
Suppose -3*d + 2 = r - 54, -4*d + 8 = 0. What are the prime factors of r?
2, 5
List the prime factors of 2/3 - (-70)/3.
2, 3
Let g(x) = x + 3. Let n be g(3). Let v = 13 - n. List the prime factors of v.
7
Let t = 9 + 1. Suppose 0 = 5*d + h + 22, -3*d - h = -d + t. What are the prime factors of 3/2 + (-2)/d?
2
Let u(h) = -h**2 - 8*h + 13. Let d(l) = -5*l**2 - 40*l + 66. Let y(s) = -2*d(s) + 11*u(s). What are the prime factors of y(-9)?
2
Let z = -4 - -8. Let y be 8 - 0*2/z. Let q = 5 + y. What are the prime factors of q?
13
Let c = 13 + 51. List the prime factors of c.
2
Let y(x) = x**2 + 13*x + 12. Let h be y(-12). Suppose f = -h*l + l - 14, -3*f = l + 2. What are the prime factors of l?
2, 5
Suppose 0*s - 26 = -y + 5*s, -3*s - 174 = -5*y. List the prime factors of y.
2, 3
Suppose 1 = -2*i + 61. Suppose p - 4*p + i = 0. What are the prime factors of p?
2, 5
Suppose 2*u = -1 + 11. Suppose -o + 16 = u*z, 7*o + 5*z = 3*o + 34. List the prime factors of o.
2, 3
Let p be (16/(-20))/((-2)/80). Suppose -2*b + 10 = 2*y - 6*b, 0 = -4*y + 2*b + p. What are the prime factors of y?
3
Let x(q) = -q + 5. Let r be x(6). Let g be (-2)/(-1) - (r + -4). Let y = -2 + g. What are the prime factors of y?
5
Suppose 0 = -2*z - z + 6. Let p be 7 - 4/(-6)*-3. Let g = z + p. What are the prime factors of g?
7
Suppose -2*c + 4*c - 24 = -q, 10 = q - 5*c. What are the prime factors of q?
2, 5
Suppose -2*v + 0*n = -4*n - 12, 0 = -3*v - 3*n - 27. List the prime factors of ((-5)/2)/(v/24).
3, 5
Suppose -2*j + 4 + 10 = 0. What are the prime factors of j?
7
Let h(r) = -19*r - 3. Let c be h(-5). Let w = c + -182. List the prime factors of w/(-4)*(-8)/(-10).
2, 3
Let u(h) = -1 + 3*h**2 + 3*h**2 - h**3 - 1 - 4*h. What are the prime factors of u(4)?
2, 7
Let m(u) be the second derivative of -u**5/20 + 5*u**4/12 - u**3/3 + u**2/2 + u. Suppose -5 = -4*n + 11. What are the prime factors of m(n)?
3
Suppose 5*w + 690 = -5*z, 0 = -2*z - 4*w - 66 - 218. What are the prime factors of z/(-10) - 6/(-10)?
2, 7
Let d be 2/(2/3)*1. Suppose 0 = 2*k + 5*q + 14, 0*q = k + d*q + 9. List the prime factors of k.
3
Suppose 5*f = 6*z - z - 5, 4*f + 5*z = 23. Suppose i - f*d = -4, 2*i + d = -3*i + 24. Suppose 60 = i*t + t. What are the prime factors of t?
2, 3
Suppose 4*u - 4*q - 123 = q, q - 78 = -3*u. What are the prime factors of u?
3
Let y(x) be the second derivative of -8*x**3/3 - x**2 - 4*x. List the prime factors of y(-2).
2, 3, 5
Suppose 6*c - 5*c = 17. List the prime factors of c.
17
What are the prime factors of 12/(-42) - 58/(-7)?
2
Suppose 18 = 4*p - p. Let b = 9 - p. Suppose -t - 3*z = 3, -3*t = 2*t + b*z - 33. List the prime factors of t.
3
Let o(n) be the second derivative of -n**3/6 + n**2 - n. Suppose -5*j = g + 2, -5*g + g + 4*j - 8 = 0. What are the prime factors of o(g)?
2
Suppose 0 = -b - 4*l - 0*l + 388, -3*l = 0. What are the prime factors of b?
2, 97
Let u(q) = -q + 9. Let h(s) = s**2 + 5*s - 7. Let a be h(-7). Suppose 0 = 4*p - a*p + 12. List the prime factors of u(p).
5
Let r be 1 + 2/4*2. Suppose -r*j + 17 = -19. List the prime factors of j.
2, 3
Suppose -2*p - 2 = 16. Let f = 22 + p. List the prime factors of f.
13
Suppose -3 - 14 = -p. List the prime factors of p.
17
Suppose -3*l - 4*m + 1 = -2*m, 13 = -l - 4*m. Let n be 3*2/(-9)*l. What are the prime factors of (1/2 - n)*2?
5
Let s be 0 + (-2 - -4 - -1). Suppose -20 = -2*p - s*p. List the prime factors of p.
2
Let a(f) = f**2 + 4*f - 6. Let x = -1 - -5. What are the prime factors of a(x)?
2, 13
Let t be 8/(-44) + (-48)/(-22). Suppose -2*z + 58 + 12 = 2*u, t*z = -3*u + 70. Suppose -5*q + 95 - z = 5*w, 2*q + 18 = 4*w. List the prime factors of w.
7
Suppose -d + 3*y = y + 4, 5*d - 3*y + 6 = 0. Suppose -4*g + 5*u - 5 = d, 0*u + 15 = -2*g + 5*u. List the prime factors of g.
5
Let g(q) be the third derivative of q**6/120 + 7*q**5/60 - q**4/4 - 2*q**3/3 - q**2. Let w be g(-8). What are the prime factors of (16/w)/(6/(-75))?
2, 5
List the prime factors of -6*(-4)/144 - (-778)/12.
5, 13
Suppose -3*s + 27 = -0*s. Let u = s - 17. Let p = -2 - u. List the prime factors of p.
2, 3
Let g be (-21)/((15/(-4))/5). Suppose -g = 2*x - 6*x. What are the prime factors of x?
7
Let j(s) = s**2 + 2*s - 7. What are the prime factors of j(-6)?
17
Let s = 73 + 139. List the prime factors of s.
2, 53
Let h(r) = r**2 - 5*r - 1. Suppose -3*v + 2*k + 14 = 0, 2*v - 6*k + k = 2. Let m be h(v). List the prime factors of (-2)/(-5) - (-58)/m.
2, 3
Let s be ((-46)/6)/(3/(-9)). Suppose 47 = -5*m - 3*o, -3*m + 3*o = 2*m + s. Let n = m + 11. What are the prime factors of n?
2
Suppose -16 - 4 = -r. Suppose s - 3*s + 6 = 0. Suppose -r = -s*u - 2*u. What are the prime factors of u?
2
Suppose -2*o = 2*z - 30, z - 125 = -5*o + 6*z. Let c = o - 12. What are the prime factors of c?
2
Let b = 49 + -13. Let i = b + -26. What are the prime factors of i?
2, 5
Suppose 4*u + 6*r - 64 = 2*r, 12 = 2*u - 3*r. What are the prime factors of 1 - 4 - (1 - u)?
2
Let s = 18 - -156. What are the prime factors of s?
2, 3, 29
Let p(i) = -4*i - 3. Let h(a) = -44*a - 32. Let x(z) = -3*h(z) + 32*p(z). Let k be x(1). Suppose -5*y + k = -3*y. List the prime factors of y.
2
Let d(m) = m - 2. Let l be d(4). Suppose -w = -5*u + 42, 5*u - l*w = w + 46. What are the prime factors of u?
2
Let j be -10*(2 - (-18)/(-15)). Let h = j - -11. Suppose -59 + 17 = -h*a. What are the prime factors of a?
2, 7
Let h(y) = -y + y + 17*y**2. List the prime factors of h(-1).
17
Suppose 0 = -9*r + 5*r + 12. Let k = -14 + 27. Suppose -k = -r*o + 20. What are the prime factors of o?
11
Suppose 3*d - 475 - 11 = 0. Suppose -3*q - 4*m - 2 = -d, 4*q - 210 = -2*m. Suppose -4 + q = 4*j. List the prime factors of j.
2, 3
Suppose 0 = -2*w - 2*b + 66, 79 = 3*w - 2*b - 25. List the prime factors of w.
2, 17
Let t(s) = s**2 + 5*s - 9. Let k be t(-7). List the prime factors of k/(10/(-4)) + 17.
3, 5
Let u = -7 - -11. Suppose -5*z + 5*c = -10, 3*z - z - 16 = -u*c. List the prime factors of z.
2
List t